-625)/(-175) - -13. Give y(f).
7
Let c(m) = m**2 - 2*m - 131. Let p(g) = g**2 - 2*g - 118. Let h(y) = -9*c(y) + 10*p(y). Suppose -2*a + 5*d = a - 4, 4*d - 7 = -a. What is h(a)?
2
Let j(c) be the second derivative of -7/6*c**4 + 1/20*c**5 + 6*c**2 - 12*c - 8 - 1/6*c**3. What is j(14)?
-2
Let j = -1119 - -1109. Let i(f) = f**3 + 9*f**2 - 9*f + 11. Determine i(j).
1
Let d(m) = 21*m**2 - 47*m**2 + 25*m**2 - m - 6*m - 4*m - 7 + 3*m. Suppose 0*o + o = -6. Let s = o - -1. Calculate d(s).
8
Let d(i) = -6*i - 12. Let q be 2 + 284/(-92) - 6/(-69). Let y(t) = -t. Suppose 8 = x + x. Let c(o) = q*d(o) + x*y(o). Calculate c(-8).
-4
Let n(l) be the third derivative of l**6/120 + 17*l**5/30 + 65*l**4/24 + 5*l**3 + l**2 - 1362*l. Give n(-32).
-2
Let s(q) = -q**3 - 15*q**2 + q + 25. Let t(g) = -7*g**2 + 49*g - 15. Let o be t(7). Calculate s(o).
10
Let t(u) be the third derivative of u**5/60 - 5*u**4/12 + 5*u**3/3 + 16*u**2. Let b = -57 - -66. Suppose 3*z - b*z = -54. Determine t(z).
1
Let s(v) = 2*v - 1. Suppose 5 = i - 32. Let z = 49 - i. Let u(g) = 3*g - 29. Let h be u(z). Determine s(h).
13
Let g(x) = 12*x**2 + 13*x - 53. Let c be g(8). Let y = c + -814. Let p(l) = -l**2 + 5*l + 5. What is p(y)?
5
Let a be 204/18 - 4/(-6). Let w(b) = 5*b**2 + 34*b - 166. Let d(i) = 3*i**2 + 23*i - 106. Let z(o) = 8*d(o) - 5*w(o). Calculate z(a).
6
Let z(j) = j**3 - 2*j**2 - 6*j + 7. Let u be 196/(-1274)*(-27 + 1). Determine z(u).
15
Let r(w) = 16*w**2 - 606*w + 4426. Let f be r(28). Let k(t) = -3 + 3 - 12*t**2. Determine k(f).
-48
Let s(h) be the second derivative of h**6/360 + h**5/30 + h**4/3 + 2*h. Let z(m) be the third derivative of s(m). Let c be 36/(-5) + 690/575. Give z(c).
-8
Let z(o) = -2*o - 42. Let j be (-3248)/400 - (-60)/500. What is z(j)?
-26
Let q(l) = -3967*l**2 + 1987*l**2 + 1981*l**2 - 2*l + 9*l**3. Determine q(2).
72
Let w(k) = -k**2 - 3*k. Let p be w(-4). Let t(z) = -7*z - 19. Let u be t(-3). Let x(q) = -8 + 2 - 381*q + 375*q - 2*q**u. Determine x(p).
-14
Let o(a) be the second derivative of -14*a**3/3 + a**2 - 489*a. Calculate o(5).
-138
Let y be (50/175)/((-1)/(-14)). Suppose -n - g = 12, y*g + 5 = 5*n + 20. Let j(d) = -d**3 - 6*d**2 + 6*d - 1. Give j(n).
6
Let y(o) = 4*o**2 - 41*o + 107. Let q be y(6). Let s(u) = -u**3 + 6*u**2 - 5*u + 24. Give s(q).
24
Suppose -4*r + 388 = -5*t, 309 + 75 = -5*t + 2*r. Let c = 68 + t. Let y(h) = -h**2 - 7*h. What is y(c)?
-8
Suppose 0 = 4*i - 12, 2*w + 4*i - 15 - 5 = 0. Let a(v) = v**3 + 4*v**2 + 21*v + 53. Let p be a(-3). Let s be ((-1)/w)/(p/8). Let h(z) = 7*z - 2. Determine h(s).
12
Let v(a) = -a**3 + 17*a**2 - 3*a + 34. Suppose 0 = -22*h + 172 + 202. Give v(h).
-17
Suppose 14*d - 21*d = -63. Let r(c) = -13*c**2 - 13*c**3 + c**2 + 24*c**3 - 12*c**3 - d - c. Calculate r(-12).
3
Let k(d) = d. Let w be k(2). Let q(z) = -z**2 - 7*z + 2. Let c(j) = -3*j + 1. Let f(l) = -16*l - 62. Let m be f(-4). Let b(v) = m*q(v) - 5*c(v). What is b(w)?
-7
Let k be (0/5)/(2 + -1). Let x(i) = 5*i. Let f(a) be the third derivative of a**4/4 - a**3/6 + 32*a**2. Let w(y) = -6*f(y) + 7*x(y). What is w(k)?
6
Suppose b + 4 = 2*f, b + 91 = f + 88. Let i(p) = p**3 + 2*p**2 + p + 1. Calculate i(b).
-1
Let c(d) be the third derivative of d**3/6 - 18*d**2 - 2*d. Let x(l) = l + 2. Let p(r) = -2*c(r) + x(r). Determine p(7).
7
Let s be -5 - (30/(-1))/3. Suppose 2*d + i = 2 - s, 0 = 2*i + 6. Suppose d = -4*h - 17 - 7. Let q(z) = -z**2 - 4*z + 6. Determine q(h).
-6
Let i be (-1)/(6 - 5) - -3. Let v(p) = 6 + 3*p + i*p - 6*p + p**2. What is v(0)?
6
Let a(w) = -5*w + 60. Let x(r) = -3*r + 40. Let c(f) = -5*a(f) + 8*x(f). Let l be (-3 + -3)/(10/15). Calculate c(l).
11
Let o(f) be the third derivative of f**6/120 + f**5/20 - f**4/12 - 2*f**3/3 - 3*f**2. Let k be (-1538)/3076*6*1. Calculate o(k).
2
Let a(g) = -g**3 + g**2 - 2*g - 32. Let f(q) = 2*q**2 + 315*q + 1228. Let z be f(-4). Determine a(z).
-32
Let q(b) = -6*b**3 + 2*b**2 + 2. Let o = 12299 + -12297. Calculate q(o).
-38
Let q(f) be the second derivative of 0 - 1/12*f**4 - 7/2*f**2 - 37*f + 3/2*f**3. Give q(7).
7
Let g be 10*(0 + (-18)/(-60)). Let w(c) = -c + 1 - 179*c**g - 1 + 2*c**2 + 180*c**3. What is w(-2)?
2
Let c(g) be the third derivative of -g**5/60 - 7*g**4/12 + g**3/3 - 28*g**2 - 47*g. Calculate c(-9).
47
Let w(b) be the third derivative of -b**7/168 + b**4/24 + 35*b**3/6 + 92*b**2. Let y(j) be the first derivative of w(j). What is y(1)?
-4
Let c(f) = 24*f - 421. Let w be c(18). Let j(o) = -5*o + 51. Give j(w).
-4
Let m(a) = -a**3 - 23*a**2 - 41*a + 3. Suppose -106*b - 919 = 14*b + 1601. What is m(b)?
-18
Let g be (-19)/(-4) - 1/(-4). Let m(q) = 13*q**3 + 2*q**2 + 4*q + 4. Let s(z) = 32*z**3 + 7*z**2 + 13*z + 8. Let o(c) = -5*m(c) + 2*s(c). What is o(g)?
1
Let w(x) = -264*x + 2 - 11 + 272*x. Give w(9).
63
Let o(y) = -4*y - 5. Let u = 229 + -231. Let l(f) = 13*f + 16. Let m(q) = u*l(q) - 7*o(q). Determine m(6).
15
Let t(n) be the first derivative of 7*n**5/60 - n**4/24 - 39*n**2/2 - 11. Let u(w) be the second derivative of t(w). Determine u(-1).
8
Let g(z) be the second derivative of -z**4/3 + z**3/6 + 11*z**2/2 + z - 56. Let i be g(-2). Let j(a) = -a**2 - 7*a + 5. Determine j(i).
5
Let t(u) = -u**3 - 7*u**2 + 8*u - 8. Let j(x) = -3*x**2 + 80*x - 60. Suppose 311 + 469 = 30*m. Let y be j(m). Determine t(y).
-8
Let r(v) = -2*v**2 - 9*v - 12. Let z be 4 + -2 + (2 + -3)*5. Let k be r(z). Let n(u) = -2*u**3 - 4*u**2 + u + 2. Give n(k).
17
Let i(b) = 371*b**3 - 75 + 62 + b - 7*b**2 - 372*b**3. Determine i(-7).
-20
Let y(s) be the second derivative of -s**7/2520 - s**6/80 - s**5/24 + s**4/6 + 3*s**3/2 + 37*s. Let v(o) be the third derivative of y(o). Determine v(-5).
15
Let p be (-14)/(4/10 + -14*5/50). Let w(j) = j**3 - 14*j**2 - 4*j + 3. Determine w(p).
-53
Let d = -3659 - -3660. Let i(p) = 7*p**2 + 2*p. What is i(d)?
9
Let z(m) = 5*m**2 - 3*m - 4. Let q(j) = 2*j**3 - 27*j**2 - 41*j + 380. Let v be q(14). Calculate z(v).
10
Let r(f) = f**3 + f**2 - 4*f + 2. Let d(y) = -6*y - 125. Let l be d(-22). Let x be (6 + -8)/(((-7)/(-2))/l). Give r(x).
-30
Let n(k) = -5653 + 11355 + 15*k + k**2 - 5670. What is n(-12)?
-4
Let n(f) = 11*f + 67*f**2 - 56*f**2 - 5 + 2*f**3 - f**3. Suppose i + 3*y + 29 = -i, 38 = -5*i + 4*y. What is n(i)?
-15
Let n(k) = k**3 - 3*k**2 + 2*k - 2. Let b be (-4)/28*-1 + 620/217. What is n(b)?
4
Let f(s) = -2651*s - 2 + 1316*s + 1328*s - 3. Calculate f(4).
-33
Let n(w) be the third derivative of w**7/1260 - w**6/240 + 7*w**5/15 + w**3/3 - 34*w**2. Let q(o) be the third derivative of n(o). Calculate q(2).
5
Let i(o) = -o**3 + 17*o**2 + 15*o + 45. Let q be i(18). Let f(c) = 11*c - 42. Let y(h) = 5*h - 19. Let b(u) = q*y(u) + 4*f(u). Give b(5).
-2
Let u(i) = 4*i**2 - 46*i - 49. Let j(l) = -3*l**2 + 35*l + 47. Let m(h) = 3*j(h) + 2*u(h). Calculate m(-3).
-5
Let m(h) = -h**3 - 4*h**2 - h - 1. Let c(b) = -b**3 - 5*b**2 - 45*b - 167. Let z be c(-4). Give m(z).
-7
Suppose 6*p = 23*p - 170. Let d(v) = p*v - 5*v + 1 - 4*v. Calculate d(4).
5
Let t(o) = -o**3 - 7*o**2 + 8*o + 3. Let q(s) = -s**3 + 9*s**2 - 6*s - 13. Let y be q(6). Suppose -21 - y = 10*k. Give t(k).
3
Let y(p) be the second derivative of p**5/10 + 7*p**4/6 + 2*p**3/3 + 9*p**2/2 + p - 7774. Determine y(-6).
57
Let u = -31 + 51. Suppose 2*b - u = 2*v, 3*v - 3*b + 6 = 4*v. Let k(m) = 5 + 9*m - m - 1 + m**2 - 3*m. Calculate k(v).
10
Let l be 80/280*(-5 - 2). Let v(p) = 3*p**3 + 2*p**2 + 6*p + 9. Calculate v(l).
-19
Let p = -17338 + 17335. Let v(s) = -15*s + 5. Determine v(p).
50
Let s be 60/(-5 - -10)*(-1)/2. Let o(t) be the first derivative of -1/3*t**3 + 7*t - 23 - 3*t**2. Determine o(s).
7
Let b(c) be the second derivative of -1/60*c**5 + 8*c**2 + 2*c + 0*c**3 + 0*c**4 + 0 + 1/120*c**6. Let l(a) be the first derivative of b(a). Determine l(0).
0
Let x = 1029 - 1037. Let d(v) = -2*v - 25. Give d(x).
-9
Let b(j) = -2*j**2 + 3*j + 3. Let i(t) = -4*t**2 + 6*t + 5. Suppose -78 = 4*f - 106. Let y(m) = f*b(m) - 4*i(m). What is y(2)?
3
Let r = -733 - -739. Let x(s) = -5*s**3 - 9*s**2 - 2*s - 1. Let k(l) = 7*l**3 + 10*l**2 + 2*l + 2. Let g(a) = -3*k(a) - 4*x(a). Calculate g(r).
10
Let u(d) = 2*d**3 + 7*d**2 + 3*d + 7. Let j be (-82)/26 - (184/52)/(-23). Determine u(j).
7
Let q(f) = 2*f**2 + 6*f + 7. Let h be q(-3). Suppose h*p = 57 - 15